{"id":3,"date":"2024-01-15T14:47:02","date_gmt":"2024-01-15T14:47:02","guid":{"rendered":"https:\/\/ampxgroup.com\/blog\/?page_id=3"},"modified":"2024-08-26T07:22:36","modified_gmt":"2024-08-26T07:22:36","slug":"politique-confidentialite","status":"publish","type":"page","link":"https:\/\/ampxgroup.com\/blog\/politique-confidentialite\/","title":{"rendered":"Politique de confidentialit\u00e9"},"content":{"rendered":"\n<h2 class=\"wp-block-heading\">D\u00e9claration de protection des donn\u00e9es<\/h2>\n\n\n\n<p>La SAS POLYMIX (d\u00e9nomm\u00e9 ci-apr\u00e8s POLYMIX) sise 2, rue de Vienne &#8211; 68180 HORBOURG-WIHR et immatricul\u00e9e au RCS de Colmar sous le num\u00e9ro B 521 839 332, pr\u00e9sente son activit\u00e9 sur son site internet.<\/p>\n\n\n\n<p>En mati\u00e8re de protection des donn\u00e9es personnelles, POLYMIX est soumises aux obligations d\u2019ordre g\u00e9n\u00e9rales concernant ce site internet, ainsi qu\u2019aux obligations en lien avec sa profession.<\/p>\n\n\n\n<h2 class=\"wp-block-heading\">Pr\u00e9ambule<\/h2>\n\n\n\n<p>Vos donn\u00e9es \u00e0 caract\u00e8re personnel sont collect\u00e9es, trait\u00e9es et utilis\u00e9es exclusivement en conformit\u00e9 avec les dispositions l\u00e9gales. Dans la mesure du possible, nos processus sont con\u00e7us de mani\u00e8re \u00e0 ce que les exigences en mati\u00e8re de protection des donn\u00e9es soient prises en compte.<\/p>\n\n\n\n<p>Lorsqu\u2019elles sont collect\u00e9es, POLYMIX utilise vos donn\u00e9es \u00e0 caract\u00e8re personnel pour la prise de contact avec le prospect ou le client via le formulaire de contact, et toutes demandes r\u00e9alis\u00e9es via le site internet\u00a0: <a href=\"http:\/\/www.ampxgroup.com\/blog\" data-type=\"link\" data-id=\"www.ampxgroup.com\/blog\" target=\"_blank\" rel=\"noreferrer noopener\">www.ampxgroup.com\/blog<\/a><\/p>\n\n\n\n<h2 class=\"wp-block-heading\">Sources et donn\u00e9es utilis\u00e9es<\/h2>\n\n\n\n<p>Dans le cadre de nos relations client, nous traitons des donn\u00e9es \u00e0 caract\u00e8re personnel que nous avons re\u00e7ues directement des utilisateurs et clients via le site.<\/p>\n\n\n\n<p>Nous enregistrons vos donn\u00e9es qui sont n\u00e9cessaires pour l\u2019ex\u00e9cution de votre demande de renseignement, ou vos questions concernant nos activit\u00e9s et de nos produits. A ce titre, seule sont demand\u00e9es les informations n\u00e9cessaires \u00e0 l\u2019ex\u00e9cution de votre demande.<\/p>\n\n\n\n<h2 class=\"wp-block-heading\">Finalit\u00e9 du traitement et bases juridiques<\/h2>\n\n\n\n<p>Le traitement de vos donn\u00e9es \u00e0 caract\u00e8re personnel est effectu\u00e9 en conformit\u00e9 avec les dispositions du R\u00e8glement G\u00e9n\u00e9ral europ\u00e9en sur la Protection des Donn\u00e9es (RGPD), avec la Loi fran\u00e7aise sur la protection des donn\u00e9es et dans le respect du code de d\u00e9ontologie de la profession.<\/p>\n\n\n\n<p>Concernant l\u2019accomplissement des obligations contractuelles (art. 6 alin\u00e9a 1 b RGPD):<\/p>\n\n\n\n<p>Le traitement des donn\u00e9es \u00e0 caract\u00e8re personnel est effectu\u00e9 dans le cadre de l\u2019activit\u00e9 de la soci\u00e9t\u00e9 d\u00e9taill\u00e9 sur le site internet. Vous pouvez lire les autres d\u00e9tails concernant les finalit\u00e9s du traitement des donn\u00e9es dans les conditions g\u00e9n\u00e9rales ou questionner votre interlocuteur par message \u00e9lectronique (\u00e0 l\u2019adresse matiere@polymix.eu) ou directement lors de la soumission de votre demande.<\/p>\n\n\n\n<p>Dans le cadre de la mise en balance d\u2019int\u00e9r\u00eats (art. 6 alin\u00e9a 1 f RGPD):<\/p>\n\n\n\n<p>Si n\u00e9cessaire, nous traitons vos donn\u00e9es au-del\u00e0 de l\u2019ex\u00e9cution proprement dite de la consultation de notre site, de votre demande d\u2019information ou de votre contrat fournisseur, pour prot\u00e9ger nos int\u00e9r\u00eats. En font partie le contr\u00f4le et l\u2019optimisation de nos obligations en mati\u00e8re de conseil et la tra\u00e7abilit\u00e9 des demandes client r\u00e9alis\u00e9es via le site internet, la revendication de droits l\u00e9gaux et la d\u00e9fense en cas de litiges juridiques, la garantie de la s\u00e9curit\u00e9 informatique et du fonctionnement informatique de POLYMIX, la pr\u00e9vention et la clarification de d\u00e9lits en raison d\u2019un ordre d\u2019une autorit\u00e9 publique et les mesures de conduite des affaires propos\u00e9s par POLYMIX.<\/p>\n\n\n\n<p>Sur la base de votre consentement (art. 6 alin\u00e9a 1 a RGPD):<\/p>\n\n\n\n<p>Dans la mesure o\u00f9 nous disposons de votre consentement au traitement de vos donn\u00e9es \u00e0 caract\u00e8re personnel pour des usages particuliers, et dans le respect du code de d\u00e9ontologie, la l\u00e9galit\u00e9 de ce traitement sur la base de votre consentement est assur\u00e9e. Le consentement donn\u00e9 peut \u00eatre r\u00e9voqu\u00e9 \u00e0 tout moment. La r\u00e9vocation du consentement n\u2019affecte pas la l\u00e9galit\u00e9 du traitement des donn\u00e9es effectu\u00e9 jusqu\u2019\u00e0 la r\u00e9vocation.<\/p>\n\n\n\n<p>En raison de prescriptions l\u00e9gales (art. 6 alin\u00e9a 1 c RGPD) ou dans l\u2019int\u00e9r\u00eat public (art. 6 alin\u00e9a 1 e RGPD):<\/p>\n\n\n\n<p>En font par exemple partie la v\u00e9rification de l\u2019identit\u00e9 et de l\u2019\u00e2ge, de la capacit\u00e9 \u00e0 engager l\u2019entreprise qui r\u00e9alise la demande d\u2019information ou conclu le contrat, etc. Sauf si expos\u00e9 en d\u00e9tail ci-apr\u00e8s, aucune donn\u00e9e \u00e0 caract\u00e8re personnel n\u2019est par principe trait\u00e9e lors de l\u2019utilisation de ce site Internet, i.e. qu\u2019aucune donn\u00e9e n\u2019est enregistr\u00e9e, modifi\u00e9e ou transmise \u00e0 des tiers.<\/p>\n\n\n\n<h2 class=\"wp-block-heading\">Formulaire de contact<\/h2>\n\n\n\n<p>Les informations recueillies sur ce formulaire peuvent \u00eatre enregistr\u00e9es dans un fichier informatis\u00e9 par POLYMIX pour L\u2019\u00e9tablissements de mailing d\u2019information ou, si vous nous y autorisez, \u00e0 caract\u00e8re commercial. La base l\u00e9gale du traitement est d\u00e9taill\u00e9e au sein de la d\u00e9claration de politique de protection des donn\u00e9es personnelles.<\/p>\n\n\n\n<p>Les donn\u00e9es collect\u00e9es seront utilis\u00e9es et archiv\u00e9es conform\u00e9ment \u00e0 la RGPD. Ces donn\u00e9es \u00e0 caract\u00e8re personnelles ne seront pas transmises \u00e0 des tiers que ce soit \u00e0 titre on\u00e9reux ou gracieux.<\/p>\n\n\n\n<p>Les donn\u00e9es sont conserv\u00e9es pendant un d\u00e9lai maximum de 3 ans.<\/p>\n\n\n\n<p>Vous pouvez acc\u00e9der aux donn\u00e9es vous concernant, les rectifier, demander leur effacement ou exercer votre droit \u00e0 la limitation du traitement de vos donn\u00e9es.<\/p>\n\n\n\n<p>Consultez le site cnil.fr pour plus d\u2019informations sur vos droits.<\/p>\n\n\n\n<p>Pour exercer ces droits ou pour toute question sur le traitement de vos donn\u00e9es dans ce dispositif, vous pouvez contacter nos services pour plus d\u2019informations ou vous opposer \u00e0 la conservation de vos donn\u00e9es \u00e0 caract\u00e8re personnelles.<\/p>\n\n\n\n<p>Si vous estimez, apr\u00e8s nous avoir contact\u00e9s, que vos droits \u00ab Informatique et Libert\u00e9s \u00bb ne sont pas respect\u00e9s, vous pouvez adresser une r\u00e9clamation \u00e0 la CNIL.<\/p>\n\n\n\n<h2 class=\"wp-block-heading\">D\u00e9lais d&rsquo;enregistrement<\/h2>\n\n\n\n<p>POLYMIX traite et enregistre vos donn\u00e9es \u00e0 caract\u00e8re personnel tant que cela est n\u00e9cessaire pour l\u2019accomplissement de nos obligations contractuelles et l\u00e9gales. Si les donn\u00e9es ne sont plus n\u00e9cessaires pour l\u2019accomplissement des obligations contractuelles ou l\u00e9gales, elles sont supprim\u00e9es.<\/p>\n\n\n\n<h2 class=\"wp-block-heading\">Vos droits de personne concern\u00e9e<\/h2>\n\n\n\n<p>Toute personne concern\u00e9e par le traitement de donn\u00e9es \u00e0 caract\u00e8re personnel dispose du droit :<br>D\u2019information (\u00a7 34 BDSG, art. 15 RGPD),<br>De correction (art. 16 RGPD),<br>De suppression (\u00a7 35 BDSG, art. 17 RGPD),<br>De limitation du traitement (art. 18 RGPD),<br>De transf\u00e9rabilit\u00e9 des donn\u00e9es (art. 20 RGPD) ainsi que<br>De r\u00e9vocation (art. 21 RGPD).<\/p>\n\n\n\n<p>Des restrictions (art. 23 RGPD) s\u2019appliquent toutefois au droit d\u2019information et de suppression. Il existe en outre un droit de recours aupr\u00e8s d\u2019une autorit\u00e9 de surveillance de la protection des donn\u00e9es comp\u00e9tente (art. 77 RGPD).<\/p>\n\n\n\n<h2 class=\"wp-block-heading\">Obligation de fourniture de donn\u00e9es<\/h2>\n\n\n\n<p>Dans le cadre de votre demande&nbsp;; simple consultation du site, prospection, ou demande d\u2019information effectu\u00e9 sur le site, vous devez nous fournir les donn\u00e9es \u00e0 caract\u00e8re personnel qui sont demand\u00e9es et n\u00e9cessaires \u00e0 l\u2019accomplissement des obligations qui y sont li\u00e9es ou que nous sommes l\u00e9galement tenus de collecter. En l\u2019absence de ces donn\u00e9es, nous ne serons pas en mesure de r\u00e9pondre \u00e0 votre demande, ou l\u2019exercice de vos droits l\u00e9gaux (p. ex. garanties) sera compromise.<\/p>\n\n\n\n<h2 class=\"wp-block-heading\">Prise de d\u00e9cision automatis\u00e9e et utilisation personnelle du site<\/h2>\n\n\n\n<p>Pour r\u00e9pondre au mieux \u00e0 votre demande, nous n\u2019utilisons pas de prise de d\u00e9cision enti\u00e8rement automatis\u00e9e selon l\u2019art. 22 RGPD. Si nous avons recours \u00e0 ces proc\u00e9d\u00e9s dans des cas particuliers, vous en \u00eates inform\u00e9 s\u00e9par\u00e9ment. Nous traitons en partie vos donn\u00e9es de fa\u00e7on automatis\u00e9e dans le but d\u2019\u00e9valuer certains aspects d\u2019utilisation personnels du site.<\/p>\n\n\n\n<h2 class=\"wp-block-heading\">Collecte de donn\u00e9es \u00e0 caract\u00e8re personnel lors de la visite de notre site Internet<\/h2>\n\n\n\n<p>Lors d\u2019une simple utilisation du site Internet \u00e0 titre informatif, que vous ne nous transmettez pas d\u2019informations d\u2019une autre mani\u00e8re, nous ne collectons que les donn\u00e9es \u00e0 caract\u00e8re personnel que votre navigateur transmet \u00e0 notre serveur. Lorsque vous consultez notre site Internet, nous collectons donc les donn\u00e9es suivantes qui nous sont n\u00e9cessaires du point de vue technique afin d\u2019afficher notre site Internet et d\u2019en assurer la stabilit\u00e9 et la s\u00e9curit\u00e9 (la base juridique est l\u2019art. 6 alin\u00e9a 1 phrase 1 lettre f RGPD):<\/p>\n\n\n\n<ul class=\"wp-block-list\">\n<li>Adresse IP<\/li>\n\n\n\n<li>Date et heure de la demande<\/li>\n\n\n\n<li>Diff\u00e9rence de fuseau horaire par rapport \u00e0 l\u2019heure de Greenwich (GMT)<\/li>\n\n\n\n<li>Contenu de la requ\u00eate (page concr\u00e8te)<\/li>\n\n\n\n<li>\u00c9tat d\u2019acc\u00e8s\/code d\u2019\u00e9tat HTTP<\/li>\n\n\n\n<li>Volume de donn\u00e9es respectivement transf\u00e9r\u00e9<\/li>\n\n\n\n<li>Site Internet dont provient la requ\u00eate<\/li>\n\n\n\n<li>Navigateur<\/li>\n\n\n\n<li>Syst\u00e8me d\u2019exploitation et son interface<\/li>\n\n\n\n<li>Langue et version du logiciel de navigation<\/li>\n\n\n\n<li>Pages consult\u00e9s.<\/li>\n<\/ul>\n\n\n\n<p>En plus des donn\u00e9es susmentionn\u00e9es, des cookies sont enregistr\u00e9s sur votre ordinateur lorsque vous utilisez notre site Internet. Les cookies sont des petits fichiers texte qui sont stock\u00e9s sur votre disque dur, associ\u00e9s au navigateur que vous utilisez, et moyennant lesquels certaines informations sont envoy\u00e9es \u00e0 l\u2019autorit\u00e9 qui d\u00e9finit le cookie. Ce dispositif sert notamment \u00e0 l\u2019analyse de performance du site Internet par les cookies, qui contribuent \u00e0 am\u00e9liorer notre site Internet en nous fournissant des statistiques compl\u00e8tes sur le nombre de visiteurs d\u2019une page, les domaines d\u2019un site qui sont le plus consult\u00e9s et la ville ou l\u2019emplacement des utilisateurs. Ceux-ci peuvent \u00eatre install\u00e9s par des fournisseurs d\u2019analyses externes que nous engageons. Ces cookies ne vous identifient pas personnellement. Les cookies ne peuvent pas lancer des programmes ou transmettre des virus \u00e0 votre ordinateur. Ils servent simplement \u00e0 rendre l\u2019offre Internet plus conviviale et efficace dans son ensemble. POLYMIX utilise les types de cookies suivants : cookies temporaires et cookies permanents.<\/p>\n\n\n\n<p>Les cookies temporaires&nbsp;sont automatiquement supprim\u00e9s lorsque vous fermez le navigateur. Ceux-ci enregistrent un ID de session avec lequel diff\u00e9rentes demandes de votre navigateur peuvent \u00eatre affect\u00e9es \u00e0 la session commune. Votre ordinateur peut ainsi \u00eatre reconnu lorsque vous consultez \u00e0 nouveau notre site Internet. Les cookies de session sont supprim\u00e9s lorsque vous vous d\u00e9connectez du site ou que vous fermez le navigateur.<\/p>\n\n\n\n<p>Les cookies permanents&nbsp;sont automatiquement supprim\u00e9s apr\u00e8s une dur\u00e9e pr\u00e9d\u00e9termin\u00e9e qui peut varier selon le cookie. Vous pouvez \u00e0 tout moment supprimer les cookies dans les param\u00e8tres de s\u00e9curit\u00e9 de votre navigateur.<\/p>\n\n\n\n<p>Vous pouvez configurer les r\u00e9glages de votre navigateur selon vos souhaits et p. ex. refuser d\u2019accepter les cookies tiers ou tous les cookies. La plupart des navigateurs vous offrent diff\u00e9rentes possibilit\u00e9s pour prot\u00e9ger votre sph\u00e8re priv\u00e9e. Vous pouvez p. ex. accepter les cookies propri\u00e9taires, mais faire bloquer les cookies tiers ou vous faire informer chaque fois qu\u2019un site Internet veut installer un cookie. Veuillez noter qu\u2019une telle d\u00e9sactivation de cookies a pour effet de rendre impossible l\u2019installation de nouveaux cookies. Vous trouvez les instructions de gestion des cookies dans la fonction Aide de votre navigateur ou dans le mode d\u2019emploi de votre smartphone ou du produit fixe ou mobile avec acc\u00e8s Internet utilis\u00e9.<\/p>\n\n\n\n<h2 class=\"wp-block-heading\">Informations sur la protection des donn\u00e9es concernant les plug-ins sociaux<\/h2>\n\n\n\n<p>Notre site Internet n\u2019utilise actuellement pas de plug-ins sociaux de r\u00e9seaux sociaux (Twitter, Facebook, etc.). Si cela devait changer \u00e0 l\u2019avenir, les plug-ins sociaux ne commenceraient le transfert de donn\u00e9es qu\u2019une fois que vous avez activ\u00e9 vous-m\u00eame les boutons.<\/p>\n\n\n\n<h2 class=\"wp-block-heading\">Informations sur votre droit de r\u00e9vocation selon l&rsquo;art. 21 du R\u00e8glement G\u00e9n\u00e9ral sur la Protection des Donn\u00e9es (RGPD)<\/h2>\n\n\n\n<p>Vous pouvez \u00e0 tout moment r\u00e9voquer votre consentement au traitement de vos donn\u00e9es \u00e0 caract\u00e8re personnel donn\u00e9 \u00e0 POLYMIX. Veuillez noter que la r\u00e9vocation n\u2019a un effet que pour l\u2019avenir. Les traitements effectu\u00e9s avant la r\u00e9vocation n\u2019en sont pas affect\u00e9s.<\/p>\n\n\n\n<p><em>Droit de r\u00e9vocation au cas par cas<\/em><\/p>\n\n\n\n<p>Vous avez le droit, pour des raisons tenant \u00e0 votre situation particuli\u00e8re, de vous opposer \u00e0 tout moment au traitement de donn\u00e9es \u00e0 caract\u00e8re personnel vous concernant qui est effectu\u00e9 selon l\u2019art. 6 alin\u00e9a 1 e de la RGPD (traitement des donn\u00e9es dans l\u2019int\u00e9r\u00eat public) ; cela vaut aussi pour un profilage fond\u00e9 sur cette disposition selon les termes de l\u2019art. 4 n\u00b0 4 RGPD. Si vous vous y opposez, nous ne traitons plus vos donn\u00e9es \u00e0 caract\u00e8re personnel, sauf si nous pouvons justifier de raisons imp\u00e9rieuses et l\u00e9gitimes \u00e0 ce traitement qui sont pr\u00e9pond\u00e9rantes par rapport \u00e0 vos int\u00e9r\u00eats, droits et libert\u00e9s ou si le traitement sert \u00e0 la constatation, \u00e0 l\u2019exercice ou \u00e0 la d\u00e9fense de droits en justice.<\/p>\n\n\n\n<p>Si nous basons le traitement de vos donn\u00e9es \u00e0 caract\u00e8re personnel sur la mise en balance d\u2019int\u00e9r\u00eats, vous pouvez vous opposer \u00e0 ce traitement. Si vous avez recours \u00e0 une telle r\u00e9vocation, nous vous prions d\u2019expliquer les raisons pour lesquelles nous ne devons plus traiter vos donn\u00e9es \u00e0 caract\u00e8re personnel comme nous le faisions auparavant. En cas de r\u00e9vocation justifi\u00e9e, nous examinons la situation et nous mettons fin au traitement de vos donn\u00e9es, nous l\u2019adaptons ou nous vous exposons les raisons imp\u00e9rieuses et l\u00e9gitimes pour lesquelles nous devons continuer \u00e0 traiter vos donn\u00e9es.<\/p>\n\n\n\n<p><em>Droit de r\u00e9vocation d\u2019un traitement de donn\u00e9es \u00e0 des fins de publipostage<\/em><\/p>\n\n\n\n<p>Dans des cas particuliers, nous traitons vos donn\u00e9es \u00e0 caract\u00e8re personnel pour faire du publipostage. Vous avez le droit de vous opposer \u00e0 tout moment au traitement de donn\u00e9es \u00e0 caract\u00e8re personnel vous concernant \u00e0 des fins d\u2019une telle publicit\u00e9 ; cela vaut aussi pour le profilage, dans la mesure o\u00f9 il est li\u00e9 \u00e0 un tel publipostage. Si vous vous opposez au traitement \u00e0 des fins de publipostage, nous ne traiterons plus vos donn\u00e9es \u00e0 caract\u00e8re personnel pour ces finalit\u00e9s. La r\u00e9vocation n\u2019est soumise \u00e0 aucune condition de forme et doit \u00eatre adress\u00e9e si possible \u00e0 :&nbsp;<a href=\"mailto:matiere@polymix.eu\">matiere@polymix.eu<\/a><\/p>\n\n\n\n<h2 class=\"wp-block-heading\">Votre droit de r\u00e9vocation (art. 21 RGPD)<\/h2>\n\n\n\n<p>Vous avez le droit, pour des raisons tenant \u00e0 votre situation particuli\u00e8re, de vous opposer \u00e0 tout moment au traitement de vos donn\u00e9es \u00e0 caract\u00e8re personnel, qui est effectu\u00e9 selon l\u2019art. 6 alin\u00e9a 1 phrase 1 e) RGPD ou l\u2019art. 6 alin\u00e9a 1 phrase 1 f) RGPD ; cela vaut aussi pour un profilage fond\u00e9 sur ces dispositions. Nous ne traitons alors plus ces donn\u00e9es \u00e0 caract\u00e8re personnel pour ces finalit\u00e9s, sauf si nous pouvons justifier de raisons imp\u00e9rieuses et l\u00e9gitimes \u00e0 ce traitement qui sont pr\u00e9pond\u00e9rantes par rapport \u00e0 vos int\u00e9r\u00eats, droits et libert\u00e9s ou si le traitement sert \u00e0 la constatation, \u00e0 l\u2019exercice ou \u00e0 la d\u00e9fense de droits en justice. Si des donn\u00e9es \u00e0 caract\u00e8re personnel sont trait\u00e9es en fin de r\u00e9alisation d\u2019offres commerciales ou de publicit\u00e9s cibl\u00e9s, vous avez le droit de vous opposer \u00e0 tout moment au traitement de ces donn\u00e9es \u00e0 caract\u00e8re personnel \u00e0 des fins d\u2019une telle publicit\u00e9 ; cela vaut aussi pour le profilage, dans la mesure o\u00f9 il est li\u00e9 \u00e0 un tel publipostage.<\/p>\n\n\n\n<p>Vous pouvez nous signifier votre opposition sur&nbsp;(<a href=\"mailto:matiere@polymix.eu\">matiere@polymix.eu<\/a>)<\/p>\n","protected":false},"excerpt":{"rendered":"<p>D\u00e9claration de protection des donn\u00e9es La SAS POLYMIX (d\u00e9nomm\u00e9 ci-apr\u00e8s POLYMIX) sise 2, rue de Vienne &#8211; 68180 HORBOURG-WIHR et immatricul\u00e9e au RCS de Colmar sous le num\u00e9ro B 521 839 332, pr\u00e9sente son activit\u00e9 sur son site internet. En mati\u00e8re de protection des donn\u00e9es personnelles, POLYMIX est soumises aux obligations d\u2019ordre g\u00e9n\u00e9rales concernant ce [&hellip;]<\/p>\n","protected":false},"author":1,"featured_media":0,"parent":0,"menu_order":0,"comment_status":"closed","ping_status":"closed","template":"","meta":{"_seopress_robots_primary_cat":"","_seopress_titles_title":"","_seopress_titles_desc":"","_seopress_robots_index":"","footnotes":""},"class_list":["post-3","page","type-page","status-publish","hentry"],"_links":{"self":[{"href":"https:\/\/ampxgroup.com\/blog\/wp-json\/wp\/v2\/pages\/3","targetHints":{"allow":["GET"]}}],"collection":[{"href":"https:\/\/ampxgroup.com\/blog\/wp-json\/wp\/v2\/pages"}],"about":[{"href":"https:\/\/ampxgroup.com\/blog\/wp-json\/wp\/v2\/types\/page"}],"author":[{"embeddable":true,"href":"https:\/\/ampxgroup.com\/blog\/wp-json\/wp\/v2\/users\/1"}],"replies":[{"embeddable":true,"href":"https:\/\/ampxgroup.com\/blog\/wp-json\/wp\/v2\/comments?post=3"}],"version-history":[{"count":2,"href":"https:\/\/ampxgroup.com\/blog\/wp-json\/wp\/v2\/pages\/3\/revisions"}],"predecessor-version":[{"id":509,"href":"https:\/\/ampxgroup.com\/blog\/wp-json\/wp\/v2\/pages\/3\/revisions\/509"}],"wp:attachment":[{"href":"https:\/\/ampxgroup.com\/blog\/wp-json\/wp\/v2\/media?parent=3"}],"curies":[{"name":"wp","href":"https:\/\/api.w.org\/{rel}","templated":true}]}}